{"id":9,"date":"2025-06-25T18:18:44","date_gmt":"2025-06-25T18:18:44","guid":{"rendered":"https:\/\/msfotografia.eu\/index.php\/front_page\/"},"modified":"2026-02-22T10:51:56","modified_gmt":"2026-02-22T10:51:56","slug":"fotograf-poznan-pila-sesje-zdjeciowe-psie-sesje","status":"publish","type":"page","link":"https:\/\/msfotografia.eu\/","title":{"rendered":""},"content":{"rendered":"\n\n\n\n\n\n\n\n\n\n\n\n\n\n\n\n\n\n\n\n\n\n","protected":false},"excerpt":{"rendered":"","protected":false},"author":1,"featured_media":0,"parent":0,"menu_order":0,"comment_status":"closed","ping_status":"closed","template":"","meta":{"saved_in_kubio":true,"pgc_sgb_lightbox_settings":"","footnotes":""},"class_list":["post-9","page","type-page","status-publish","hentry"],"kubio_ai_page_context":{"short_desc":"","purpose":"general","isFrontPage":true},"yoast_head":"<!-- This site is optimized with the Yoast SEO plugin v27.2 - https:\/\/yoast.com\/product\/yoast-seo-wordpress\/ -->\n<title>- MS Fotografia - Fotograf Pozna\u0144, Pi\u0142a<\/title>\n<meta name=\"description\" content=\"Fotograf w Poznaniu, w Pile\u2013 sesje plenerowe, rodzinne, biznesowe i zwierz\u0105t. Sprawd\u017a ofert\u0119 i um\u00f3w si\u0119 na wyj\u0105tkowe zdj\u0119cia.\" \/>\n<meta name=\"robots\" content=\"index, follow, max-snippet:-1, max-image-preview:large, max-video-preview:-1\" \/>\n<link rel=\"canonical\" href=\"https:\/\/msfotografia.eu\/\" \/>\n<meta property=\"og:locale\" content=\"pl_PL\" \/>\n<meta property=\"og:type\" content=\"article\" \/>\n<meta property=\"og:title\" content=\"- MS Fotografia - Fotograf Pozna\u0144, Pi\u0142a\" \/>\n<meta property=\"og:description\" content=\"Fotograf w Poznaniu, w Pile\u2013 sesje plenerowe, rodzinne, biznesowe i zwierz\u0105t. Sprawd\u017a ofert\u0119 i um\u00f3w si\u0119 na wyj\u0105tkowe zdj\u0119cia.\" \/>\n<meta property=\"og:url\" content=\"https:\/\/msfotografia.eu\/\" \/>\n<meta property=\"og:site_name\" content=\"MS Fotografia - Fotograf Pozna\u0144, Pi\u0142a\" \/>\n<meta property=\"article:modified_time\" content=\"2026-02-22T10:51:56+00:00\" \/>\n<meta name=\"twitter:card\" content=\"summary_large_image\" \/>\n<script type=\"application\/ld+json\" class=\"yoast-schema-graph\">{\"@context\":\"https:\/\/schema.org\",\"@graph\":[{\"@type\":\"WebPage\",\"@id\":\"https:\/\/msfotografia.eu\/\",\"url\":\"https:\/\/msfotografia.eu\/\",\"name\":\"- MS Fotografia - Fotograf Pozna\u0144, Pi\u0142a\",\"isPartOf\":{\"@id\":\"https:\/\/msfotografia.eu\/#website\"},\"datePublished\":\"2025-06-25T18:18:44+00:00\",\"dateModified\":\"2026-02-22T10:51:56+00:00\",\"description\":\"Fotograf w Poznaniu, w Pile\u2013 sesje plenerowe, rodzinne, biznesowe i zwierz\u0105t. Sprawd\u017a ofert\u0119 i um\u00f3w si\u0119 na wyj\u0105tkowe zdj\u0119cia.\",\"inLanguage\":\"pl-PL\",\"potentialAction\":[{\"@type\":\"ReadAction\",\"target\":[\"https:\/\/msfotografia.eu\/\"]}]},{\"@type\":\"WebSite\",\"@id\":\"https:\/\/msfotografia.eu\/#website\",\"url\":\"https:\/\/msfotografia.eu\/\",\"name\":\"MS Fotografia - Micha\u0142 S\u0119p\",\"description\":\"Fotograf Pozna\u0144, Pi\u0142a\",\"publisher\":{\"@id\":\"https:\/\/msfotografia.eu\/#\/schema\/person\/83cdc64c1cc023d2cd690418f0325410\"},\"potentialAction\":[{\"@type\":\"SearchAction\",\"target\":{\"@type\":\"EntryPoint\",\"urlTemplate\":\"https:\/\/msfotografia.eu\/?s={search_term_string}\"},\"query-input\":{\"@type\":\"PropertyValueSpecification\",\"valueRequired\":true,\"valueName\":\"search_term_string\"}}],\"inLanguage\":\"pl-PL\"},{\"@type\":[\"Person\",\"Organization\"],\"@id\":\"https:\/\/msfotografia.eu\/#\/schema\/person\/83cdc64c1cc023d2cd690418f0325410\",\"name\":\"Micha\u0142 z MSFotografia.eu\",\"image\":{\"@type\":\"ImageObject\",\"inLanguage\":\"pl-PL\",\"@id\":\"https:\/\/msfotografia.eu\/wp-content\/uploads\/2025\/07\/LOGOWEBSITE3kwadratduzybiale-e1752173230431.png\",\"url\":\"https:\/\/msfotografia.eu\/wp-content\/uploads\/2025\/07\/LOGOWEBSITE3kwadratduzybiale-e1752173230431.png\",\"contentUrl\":\"https:\/\/msfotografia.eu\/wp-content\/uploads\/2025\/07\/LOGOWEBSITE3kwadratduzybiale-e1752173230431.png\",\"width\":958,\"height\":655,\"caption\":\"Micha\u0142 z MSFotografia.eu\"},\"logo\":{\"@id\":\"https:\/\/msfotografia.eu\/wp-content\/uploads\/2025\/07\/LOGOWEBSITE3kwadratduzybiale-e1752173230431.png\"},\"sameAs\":[\"http:\/\/msfotografia.eu\"]}]}<\/script>\n<!-- \/ Yoast SEO plugin. -->","yoast_head_json":{"title":"- MS Fotografia - Fotograf Pozna\u0144, Pi\u0142a","description":"Fotograf w Poznaniu, w Pile\u2013 sesje plenerowe, rodzinne, biznesowe i zwierz\u0105t. Sprawd\u017a ofert\u0119 i um\u00f3w si\u0119 na wyj\u0105tkowe zdj\u0119cia.","robots":{"index":"index","follow":"follow","max-snippet":"max-snippet:-1","max-image-preview":"max-image-preview:large","max-video-preview":"max-video-preview:-1"},"canonical":"https:\/\/msfotografia.eu\/","og_locale":"pl_PL","og_type":"article","og_title":"- MS Fotografia - Fotograf Pozna\u0144, Pi\u0142a","og_description":"Fotograf w Poznaniu, w Pile\u2013 sesje plenerowe, rodzinne, biznesowe i zwierz\u0105t. Sprawd\u017a ofert\u0119 i um\u00f3w si\u0119 na wyj\u0105tkowe zdj\u0119cia.","og_url":"https:\/\/msfotografia.eu\/","og_site_name":"MS Fotografia - Fotograf Pozna\u0144, Pi\u0142a","article_modified_time":"2026-02-22T10:51:56+00:00","twitter_card":"summary_large_image","schema":{"@context":"https:\/\/schema.org","@graph":[{"@type":"WebPage","@id":"https:\/\/msfotografia.eu\/","url":"https:\/\/msfotografia.eu\/","name":"- MS Fotografia - Fotograf Pozna\u0144, Pi\u0142a","isPartOf":{"@id":"https:\/\/msfotografia.eu\/#website"},"datePublished":"2025-06-25T18:18:44+00:00","dateModified":"2026-02-22T10:51:56+00:00","description":"Fotograf w Poznaniu, w Pile\u2013 sesje plenerowe, rodzinne, biznesowe i zwierz\u0105t. Sprawd\u017a ofert\u0119 i um\u00f3w si\u0119 na wyj\u0105tkowe zdj\u0119cia.","inLanguage":"pl-PL","potentialAction":[{"@type":"ReadAction","target":["https:\/\/msfotografia.eu\/"]}]},{"@type":"WebSite","@id":"https:\/\/msfotografia.eu\/#website","url":"https:\/\/msfotografia.eu\/","name":"MS Fotografia - Micha\u0142 S\u0119p","description":"Fotograf Pozna\u0144, Pi\u0142a","publisher":{"@id":"https:\/\/msfotografia.eu\/#\/schema\/person\/83cdc64c1cc023d2cd690418f0325410"},"potentialAction":[{"@type":"SearchAction","target":{"@type":"EntryPoint","urlTemplate":"https:\/\/msfotografia.eu\/?s={search_term_string}"},"query-input":{"@type":"PropertyValueSpecification","valueRequired":true,"valueName":"search_term_string"}}],"inLanguage":"pl-PL"},{"@type":["Person","Organization"],"@id":"https:\/\/msfotografia.eu\/#\/schema\/person\/83cdc64c1cc023d2cd690418f0325410","name":"Micha\u0142 z MSFotografia.eu","image":{"@type":"ImageObject","inLanguage":"pl-PL","@id":"https:\/\/msfotografia.eu\/wp-content\/uploads\/2025\/07\/LOGOWEBSITE3kwadratduzybiale-e1752173230431.png","url":"https:\/\/msfotografia.eu\/wp-content\/uploads\/2025\/07\/LOGOWEBSITE3kwadratduzybiale-e1752173230431.png","contentUrl":"https:\/\/msfotografia.eu\/wp-content\/uploads\/2025\/07\/LOGOWEBSITE3kwadratduzybiale-e1752173230431.png","width":958,"height":655,"caption":"Micha\u0142 z MSFotografia.eu"},"logo":{"@id":"https:\/\/msfotografia.eu\/wp-content\/uploads\/2025\/07\/LOGOWEBSITE3kwadratduzybiale-e1752173230431.png"},"sameAs":["http:\/\/msfotografia.eu"]}]}},"_links":{"self":[{"href":"https:\/\/msfotografia.eu\/index.php\/wp-json\/wp\/v2\/pages\/9","targetHints":{"allow":["GET"]}}],"collection":[{"href":"https:\/\/msfotografia.eu\/index.php\/wp-json\/wp\/v2\/pages"}],"about":[{"href":"https:\/\/msfotografia.eu\/index.php\/wp-json\/wp\/v2\/types\/page"}],"author":[{"embeddable":true,"href":"https:\/\/msfotografia.eu\/index.php\/wp-json\/wp\/v2\/users\/1"}],"replies":[{"embeddable":true,"href":"https:\/\/msfotografia.eu\/index.php\/wp-json\/wp\/v2\/comments?post=9"}],"version-history":[{"count":119,"href":"https:\/\/msfotografia.eu\/index.php\/wp-json\/wp\/v2\/pages\/9\/revisions"}],"predecessor-version":[{"id":1106,"href":"https:\/\/msfotografia.eu\/index.php\/wp-json\/wp\/v2\/pages\/9\/revisions\/1106"}],"wp:attachment":[{"href":"https:\/\/msfotografia.eu\/index.php\/wp-json\/wp\/v2\/media?parent=9"}],"curies":[{"name":"wp","href":"https:\/\/api.w.org\/{rel}","templated":true}]}}